9)?
2
Let p(t) be the second derivative of t**6/180 + 79*t**4/24 + 11*t**3/6 - 37*t. Let s(j) be the second derivative of p(j). What is the units digit of s(0)?
9
Suppose -l = -4*r - 4108, 31536 + 1513 = 8*l + 5*r. What is the units digit of l?
8
Let q(b) = -10858*b - 3399. What is the hundreds digit of q(-2)?
3
Let c be -3 - (4 + -2 + -20). Let f be (c/(-5))/(-1) - -4. What is the tens digit of 3/9*15*f?
3
Let t(g) = -g**3 + 48*g**2 + 18*g + 1173. What is the units digit of t(41)?
8
Let a = 23517 - 16070. What is the thousands digit of a?
7
Let d(o) = -5*o**2 - 5*o. Let j(n) = -4*n**2 - 4*n. Let u(b) = -5*d(b) + 6*j(b). Let s be u(-2). What is the units digit of (-15 - (-1 - 2))*s/(-4)?
6
Let w(b) = -3*b + 1978. What is the thousands digit of w(-29)?
2
Suppose -2*f - 11*k + 68492 = -13*k, -f - k + 34254 = 0. What is the thousands digit of ((-6)/15)/((-10)/f)?
1
Let v(w) = -7*w - 17. Let h(g) = -47*g**2. Let n be h(1). Let r = n + 21. What is the hundreds digit of v(r)?
1
Let n(y) = 2*y + 26. Let q = -54 + 95. Suppose 11*o - 3 = q. What is the units digit of n(o)?
4
Suppose 0 = -2*p + 484 - 504. What is the units digit of (-2 - (-115)/p)*(-94)/3?
3
Let h be -8 - 4*533/(-2). Suppose -h = -18*p + 814. What is the tens digit of p?
0
Let g = 16 + -11. Suppose g*l + 90 = 235. What is the tens digit of l?
2
Suppose 45 = 5*n + 3*w, n - 3*n = -2*w - 2. What is the hundreds digit of -5 - n/(-2*(-2)/(-126))?
1
Suppose 20*p + 9*p - 89856 = 21*p. What is the tens digit of p?
3
Let k = -110 + 175. Suppose -5*q - 253 + k = p, 2*p - 4 = 0. Let t = 40 - q. What is the tens digit of t?
7
Let c be ((-40)/(-15))/2*3789/(-2). Let l = c + 3779. What is the tens digit of l?
5
Suppose 0 = -5*d - 2*m + 66, 0 = -m - 1 - 1. Suppose d = 3*f + 4*g + g, -4 = -4*g. Suppose -f*j + 36 = -0*j. What is the units digit of j?
2
Suppose -3*i = -7*i + 8. Let u(t) = 0*t + t**3 + 17*t**2 - 5*t**i + 9*t + 11. What is the units digit of u(-10)?
1
What is the tens digit of 23662 + (12 - (-26 - -45))?
5
Let m(g) = -9*g**3 - 4*g**2 + 20*g + 244. What is the thousands digit of m(-6)?
1
Let u(b) = 65*b + 71. Let c be -5 + (-3)/(-2)*1856/87. What is the tens digit of u(c)?
2
Suppose 4*a - 670 = -162. Suppose 367 = 3*w + 2*d, -4*w - a = -5*w + 4*d. What is the tens digit of w?
2
Let t = 18449 - -25818. What is the thousands digit of t?
4
What is the thousands digit of 2/(((-1)/((-3)/(-4)))/(88 - 9694))?
4
Let y(m) be the first derivative of 49*m**2 + 81*m - 101. What is the units digit of y(7)?
7
Let c(d) = 10*d**2 + 22*d + 67. Suppose 0 = -37*p + 4 - 337. What is the tens digit of c(p)?
7
Let a be ((-3312)/115)/((-2)/5). Suppose -2121 = -a*b + 65*b. What is the tens digit of b?
0
What is the units digit of 7155370/110 - ((-1080)/(-110) - 10)?
9
Let w = 7479 + -5339. What is the thousands digit of w?
2
Let m = 57 + -57. Suppose -u - o + m*o = -631, 5*u = 4*o + 3191. What is the units digit of u?
5
Suppose 3*b = -48*l + 52*l + 53465, -71296 = -4*b + 4*l. What is the tens digit of b?
3
Let q = 709 - -1687. What is the hundreds digit of q?
3
Let d = -330 + 277. Suppose -2*w + 209 = 3*x, 5 = -2*w - 5. Let h = x + d. What is the tens digit of h?
2
Suppose -13*n + 36901 - 1359 = 0. What is the hundreds digit of n?
7
Let h be 79*44/8*(5 - 3). Let l = h + -349. What is the hundreds digit of l?
5
Let q(a) = -710*a - 456. What is the ten thousands digit of q(-23)?
1
Let y(q) = -3*q**2 - 7*q - 4. Let v be y(-7). What is the tens digit of (644/138)/((-2)/v)?
3
Let k(p) = 117*p**2 + 2*p. What is the hundreds digit of k(7)?
7
Let y(z) = 4*z**3 + 2*z - 1. Let b be y(1). Suppose 0 = -37*h + 5389 + 3084. Suppose h = b*l - 171. What is the units digit of l?
0
Let q(d) = d**3 - 13*d**2 + 14*d - 17. Let z be q(12). Let x(i) = 3*i**2 + 7. Let h be x(z). Let g = -92 + h. What is the tens digit of g?
6
Suppose 25*a - 20824 = 9*a - 3*a. What is the units digit of a?
6
Suppose -5*v - 7*v = -24. Let s(h) = -37*h**v - 42*h**2 + 80*h**2 + 40. What is the tens digit of s(0)?
4
Let w = 2238 - 739. Let l = 2237 - w. What is the hundreds digit of l?
7
Let t(k) = k**2 - 8*k + 17. Let l be t(6). Suppose 0*d + l*d + 270 = 0. Let o = 200 - d. What is the tens digit of o?
5
Suppose -5*k + 4*k = 2*s - 11607, 2*k - 3*s = 23235. What is the hundreds digit of k?
6
Suppose -5*x = -4*v + 800, -3*x = -2*v + 117 + 285. Let i be -2*2/(-10)*210. Let s = v - i. What is the units digit of s?
1
Let x be (-2 - 50/20)/(9/48). What is the tens digit of (4/(-3))/(x/21312)?
8
Let n = 2121 - 1186. Suppose 8*c = -2*w + 7*c + n, -3*c = 3*w - 1401. What is the hundreds digit of w?
4
Let l = -29955 + 79750. What is the hundreds digit of l?
7
Let v(x) = -x**2 + 3*x + 2. Let p be v(6). Let j = 16 + p. Suppose j = 16*y - 7*y - 666. What is the tens digit of y?
7
Suppose -33 + 3 = 6*i. What is the tens digit of i + 0 + 30*1404/65?
4
Suppose -a + 20 = 7. Suppose -5*y - a = -2*o - 2*o, 2*o + 2*y = 2. Let r(n) = 24*n**2 + n + 8. What is the units digit of r(o)?
6
Let v(c) = c**2 - 10*c + 10. Let o be v(17). Let h = o - 98. What is the tens digit of h?
3
What is the hundreds digit of (-441)/(294/14) - -21317?
2
Suppose -29*j + 34*j = 2*t - 353, 518 = 3*t + 4*j. Suppose -w - t = -1082. What is the units digit of w?
8
Let a be 12*(-2)/(-2) + 2. Let o = a - -384. What is the units digit of o?
8
Suppose 4*w + 5*a = 23722, 4*a + 3461 + 14315 = 3*w. What is the hundreds digit of w?
9
Suppose -49*s = -53*s + 2732. What is the tens digit of s?
8
Suppose -4*w - 8*a = -5*a - 19661, 3*a - 9829 = -2*w. What is the hundreds digit of w?
9
What is the ten thousands digit of (814/(-44) - -19)*22042?
1
Suppose -93577 = -2*d - 3*a, 131*a - 140363 = -3*d + 124*a. What is the tens digit of d?
9
Let k be (2940/(-48))/(0 - 1/4). Suppose -h = 3*j - 2*h - k, -5*h + 415 = 5*j. Let o = j + 3. What is the units digit of o?
5
Suppose -5 - 4 = -3*k. Let r(s) = 22*s + 7 - k*s - 16*s. What is the units digit of r(0)?
7
What is the hundreds digit of -1 + 84*223 + -14*(-28)/49?
7
Let o(g) = g**3 + g**2 - 10*g - 7. Let y be o(-6). Suppose -u - 4*t = 199, 0 = u - t + 2*t + 211. Let l = y - u. What is the units digit of l?
8
Suppose 91 = -5*x + 516. Suppose 0 = -l + 15*r - 11*r + 15, -5*l + 25 = 5*r. What is the hundreds digit of l/((-335)/x + 4)?
1
Let k(y) = -10*y**2 - 69*y + 18. Let u be k(-7). Suppose u*n = 3263 + 7110. What is the tens digit of n?
4
Suppose 5*j = -4*h + 97, -5*h + j + 59 + 84 = 0. Let t(g) = -g**2 + 7*g + 1. Let q be t(3). Let y = h - q. What is the units digit of y?
5
Let q be (-2223)/(-2*(1 + (-3)/6)). Suppose -q = -7*u - 6*u. What is the tens digit of u?
7
Suppose 46653*g - 186 = 46684*g. Let c(j) = j**3 + 9*j - 2 - 2*j**3 + 2*j**2 - j**2. What is the units digit of c(g)?
6
Let d = -70 - 25. Let o = 130 + d. What is the units digit of (-919)/(-7) - ((-305)/o - -9)?
1
Let q(x) = -48*x**2 - 21*x + 86. Let d be q(7). Let u = -1339 - d. What is the units digit of u?
4
Suppose p + 420 = 424. Suppose -217 - 196 = -g + 3*a, -5*a + 1618 = p*g. What is the tens digit of g?
0
Suppose -v - 57 = 4*s - 38, 4*v - 2*s - 14 = 0. What is the thousands digit of v + 1563 - (-5 + (6 - -4))?
1
Let u(h) = -9*h**3 + h**2 - 10*h + 839. What is the hundreds digit of u(0)?
8
Let g = -18351 + 58270. What is the units digit of g?
9
Let a(f) be the first derivative of f**2 + 21*f - 59. Let k(x) = 2*x - 2. Let d be k(1). What is the units digit of a(d)?
1
Suppose -35*w - 2834 = 7351. Let o = w - -318. What is the units digit of o?
7
Suppose -10*v + 140990 + 39160 = 0. What is the ten thousands digit of v?
1
Let o = 49 - 3. Suppose 50*i - o*i - 20 = 0. Suppose i*f = 4*f + 105. What is the units digit of f?
5
Let k = -6849 - -6854. Let n(y) = -y**2 - 5*y - 1. Let x be n(-4). Suppose -54 = -h - 3*s, k*h + x*s - 2*s = 284. What is the tens digit of h?
5
Let h = -225 - -149. Let b be (h/10)/(((-30)/(-125))/(-6)). Suppose -5*q + 4*c + b = 0, -2*c - 10 = -4*c. What is the units digit of q?
2
Suppose -p = 3*p - 16. Suppose 0 = 3*h - l - 87, p*l = -l. Suppose -h - 96 = -5*o. What is the tens digit of o?
2
Suppose -5*z - 3*o = -0*o + 76, 0 = 5*z - 3*o + 64. Let x(p) = -p**3 - 10*p**2 + 33*p + 16. Let q be x(z). Suppose -l = l - q. What is the units digit of l?
9
Let t be 0/(-2)*-2*1/2. Suppose -5*z = d 